ctors of f?
2, 3, 5, 7
Suppose 0 = 15*l - 10225 - 14975. List the prime factors of l.
2, 3, 5, 7
Suppose -2*a + 44072 = 5*i, a + 2*a - i = 66176. List the prime factors of a.
2, 3, 919
Let h be (-1754)/3*(-13)/((-338)/(-39)). Let j = h + -240. What are the prime factors of j?
7, 13
Suppose 2113 = 32*g - 31*g - 4*a, 0 = 5*g - 2*a - 10529. Let r = g - 1465. List the prime factors of r.
2, 5
Let q(l) = -l**3 - 8*l**2 + 7*l - 4. Let h be q(-9). List the prime factors of 9222/h + (-4)/(-14).
659
Let q = -146 + 119. Let y = -6 + 12. List the prime factors of y/27 + (0 - 318/q).
2, 3
List the prime factors of 16303 - (19 + (-17)/17).
5, 3257
Suppose -3*h - 244080 = -43*h - 5*h. What are the prime factors of h?
2, 3, 113
Suppose -3*l + 7*l + 5*r = 164, l - 4*r = 20. Let m = -22 + l. What are the prime factors of m/(-77) - 783/(-11)?
71
Let s = 2717 + 915. Suppose -15*o = o - s. List the prime factors of o.
227
Let b(v) = -3*v**2 + 2 - 5 - 74*v + 77*v. Let g be b(1). List the prime factors of (2 + -1)*(167 + g).
2, 41
Suppose -524 = -9*t - 533. List the prime factors of ((-5586)/126)/(t*(-3)/(-126)).
2, 7, 19
Let y(i) = -4*i - 3. Let t(d) = 3*d + 3. Let n(c) = -3*t(c) - 2*y(c). Let u be n(-3). Suppose u = -10*q + 113 + 1487. What are the prime factors of q?
2, 5
Suppose 10*z - 15*z + 35 = 0. Let m(l) = 3 + l**3 + z*l**2 + 8*l + 8*l - 17*l. List the prime factors of m(-7).
2, 5
List the prime factors of (-42082)/(-4) + 10/20 - 6.
3, 5, 701
Suppose 164*s = -106*s + 6431670. List the prime factors of s.
7, 41, 83
Let g be (30/(-25))/(1*2/(-1450)). List the prime factors of ((-504)/70)/((-9)/g).
2, 3, 29
Let x = -147 - -141. What are the prime factors of 106 + (-20)/4 + x?
5, 19
Let b = 25371 + -6281. List the prime factors of b.
2, 5, 23, 83
Suppose 46*d - 87*d + 51*d = 8170. List the prime factors of d.
19, 43
Let n be 3901 + ((-2)/((-10)/(-15)) - 2). Suppose -2*d + 7816 = 4*m, n = 2*m + 4*d - 6*d. What are the prime factors of m?
2, 61
Let f(u) = -45*u**2 + 4*u + 3. Let a(w) = 179*w**2 - 18*w - 12. Let g(k) = -2*a(k) - 9*f(k). What are the prime factors of g(-2)?
5, 37
Let c = -472 - -466. What are the prime factors of -1959*(28/c)/14?
653
Suppose 8*m = -4938 + 762. Let g = -141 - m. List the prime factors of g.
3, 127
Let u(v) = -15*v + 229. Let w be u(15). Suppose -2*a + 3190 = -w*h, 4*h - 3154 = -2*a - h. What are the prime factors of a?
3, 23
Suppose 0 = -2*l - 2*l + 824. Let a = 354 + -243. Let j = l - a. What are the prime factors of j?
5, 19
Suppose 2687900 = 64*v - 302372. List the prime factors of v.
46723
Let x be 21/4 + -2 - 3/(-4). Suppose -703 = -5*t - x*h, -1 - 5 = -3*h. Let o = t + -91. What are the prime factors of o?
2, 3
Let a(r) = -3*r - 32. Let z be a(-9). Let w(d) = -74*d + 6. What are the prime factors of w(z)?
2, 47
Suppose -17 = 33*g - 34*g. Suppose 0 = g*w - 6*w + 2629. Let t = -116 - w. List the prime factors of t.
3, 41
Suppose 3*u = -3*t + 432, 0 = -3*u + 2*t + 619 - 192. Let o = u - -90. List the prime factors of o.
233
Suppose 111*u - 306034 = 162275. What are the prime factors of u?
4219
Suppose -5 = 4*k + 7, 2*k + 18 = 2*m. Suppose 0 = m*z + 5*z - 1419. What are the prime factors of z?
3, 43
Let a(s) = 28*s**2 + 3*s + 0*s**2 + 2*s - 2*s**2. Let k be a(-5). Suppose 13*y - 688 - k = 0. What are the prime factors of y?
101
Let v = 329 - 320. What are the prime factors of 3*(v - 7) + 98?
2, 13
Let a be ((-15 - -7) + 6)/(-1). Suppose -4*v = -8, -v = -0*i - a*i + 1782. What are the prime factors of i?
2, 223
Suppose 3*t = -2*v + 9583, 2*v = -t + 2002 + 1191. List the prime factors of t.
3, 5, 71
Suppose -4*j = -8*y + 13*y - 8909, -4*y + 8908 = 4*j. Let a = j + -1042. List the prime factors of a.
2, 37
Let u = -75 - -1631. What are the prime factors of u?
2, 389
Let f = 19529 + -1256. List the prime factors of f.
3, 6091
Let d(k) = 5*k**3 + 2*k**2 + 4*k + 6. Let i be d(-4). Let w be (-1884)/9 - (5 + -1)/(-12). Let a = w - i. List the prime factors of a.
89
Let i = 61 + -59. Suppose z = -3*d - i, 2*d + 8 = z - 0*d. Suppose -2*a + 4*l = 3*l - 170, -z*a = -4*l - 344. List the prime factors of a.
2, 3, 7
Let k be 1*(-8 - 0) + 5 + 7. Suppose -10*n + k = -9*n, 769 = 5*p + n. List the prime factors of p.
3, 17
Let j be -14*(22/(-4) + 0). Suppose -h + 58 + j = 0. What are the prime factors of h?
3, 5
Let x(s) = -s**2 + 6*s - 5. Let g be x(7). Let y be g/(-4) - -4 - 4. Suppose c + 4 = -c, y*c = -3*o + 471. What are the prime factors of o?
3, 53
Let z = 7259 - 4177. List the prime factors of z.
2, 23, 67
Let x be (2/6)/((-3)/909). What are the prime factors of (x*5)/((-42)/84)?
2, 5, 101
Suppose -h + 8619 = 3*s, 7*h - s - 30217 = 30204. List the prime factors of h.
3, 7, 137
Let a(o) = 25*o - 15. Let x = 40 - 38. Let z be (3/1 - x) + 7. What are the prime factors of a(z)?
5, 37
Suppose 130 - 11 = n - 4*i, 3*n + 3*i - 312 = 0. Suppose 4*t + 377 = -n. Let l = -72 - t. List the prime factors of l.
7
Suppose 0*y - 4140 = 6*y. Let u = 988 + y. What are the prime factors of u?
2, 149
Suppose -42694 = -2*p + 3*l, 31*p + 2*l - 42684 = 29*p. What are the prime factors of p?
2, 23, 29
Let g(c) = -c**2 - 7*c - 4. Let d be g(-6). Suppose -5*h + 177 = -2*u, -4*h + 47 = 5*u - 88. List the prime factors of 1176/h + (d/5 - 0).
2, 17
Let z be 8154124/(-143) - (-6)/(-39). What are the prime factors of z/(-70) + 3/(-5)?
2, 11, 37
Let n(r) = 139*r + 3381. List the prime factors of n(70).
7, 1873
Let g(y) = 68*y**3 + 16*y**2 - 13*y - 40. What are the prime factors of g(5)?
5, 1759
Suppose -4*x - 2*w = -5062, 2296 = 2*x + 4*w - 238. What are the prime factors of x?
5, 11, 23
Suppose 0 = f + 3 - 21. Let r be ((-3)/(-8))/(1/(24/3)). Suppose -r*p = -2*p - f. List the prime factors of p.
2, 3
Let g(w) = -w**2 - 67*w - 189. Let o = 303 - 345. What are the prime factors of g(o)?
3, 7, 41
Let f = -43 + -6. Let p = 49 + f. Suppose p = -5*z + i + 542, 0 = -5*i - 0*i + 15. List the prime factors of z.
109
Let w be 9 + -3 + (1269 - 10). Let v = w + -561. List the prime factors of v.
2, 11
Let g(c) be the second derivative of c**5/20 - 7*c**4/12 + c**3/6 - 2*c**2 + 11*c. Let s be g(7). What are the prime factors of 69/(2 + (s - 4))?
3, 23
Suppose 13*a - 10*a - 3*t - 18 = 0, 3*a - 20 = 4*t. Suppose 3*o = -2*o + 15. Suppose -o*j + a*j - 192 = 0. List the prime factors of j.
2, 3
Suppose 0 = -2*l - 518 + 508. What are the prime factors of (-4 - (-90)/25) + (-1647)/l?
7, 47
Suppose -5*a - 5*p = -80727 - 18493, 79364 = 4*a + 2*p. List the prime factors of a.
2, 7, 13, 109
Let z be (-1)/(-7*3/(-21)). What are the prime factors of z*4 + (-1 + -2 - -371)?
2, 7, 13
Suppose -75*w = 10*w - 84490. List the prime factors of w.
2, 7, 71
Let l(z) be the second derivative of z**4/4 + 2*z**3/3 + 34*z**2 - 28*z + 2. List the prime factors of l(-7).
11, 17
Suppose -10*k + 17 = -3. Let t be -161*(-14 + k)/(-4)*1. Let i = t + 677. List the prime factors of i.
2, 97
Let y = 8539 + -1649. List the prime factors of y.
2, 5, 13, 53
Suppose 4*x + 5*h = 4*h + 148, 0 = -5*x - 3*h + 178. Let u be (-6)/10 - (-20)/(-50). What are the prime factors of (-1)/u - (0 - x)?
3, 13
Suppose 3*s - 2*h + 13222 = 5*s, 4*s = h + 26439. What are the prime factors of s?
2, 5, 661
Let r = -88 - -106. Suppose r*k - 21*k + 2061 = 5*y, 686 = k + 2*y. List the prime factors of k.
2, 173
Let v = 117120 + -57296. What are the prime factors of v?
2, 3739
Suppose -11*m + 48 = -7. Let t be ((-1)/(-3))/(3/18). Suppose 4*a = m*a + 5, -t*a = -o + 78. List the prime factors of o.
2, 17
Let v be 2/(-15) + (-908)/(-60). Let p = v - 6. Suppose p*r - 301 = 302. List the prime factors of r.
67
Suppose -h = -3*h - z + 3278, 5*z = -5*h + 8195. Let q = -966 + h. List the prime factors of q.
673
List the prime factors of (-21)/147 - (-25 + 2)*(-2993)/(-7).
2, 3, 11, 149
Let s(g) = -g**3 + 11*g**2 - 7*g - 12. Let q be s(10). Let w = -2 + q. Suppose 152 = 3*u - w. What are the prime factors of u?
2, 7
Let l be 2/(-3) + (0 - (-95)/(-15)). Let p be (8 + l)*(-1)/(-1). What are the prime factors of (25/2)/(5/40) + p?
101
Let f be (-2)/(-2*(-1)/(-4)). Suppose -f*w - 1256 = -4012. What are the prime factors of w?
13, 53
Let r be (-1309)/(-462) - 2/(-12). List the prime factors of (-2 - (r - -1043))/(4/(-4)).
2, 131
Suppose d - 7390 + 53053 = 